{"id":8,"date":"2020-09-04T17:29:49","date_gmt":"2020-09-04T17:29:49","guid":{"rendered":"https:\/\/ducaticlub.ch\/?page_id=8"},"modified":"2024-02-11T09:08:48","modified_gmt":"2024-02-11T09:08:48","slug":"ueber-uns","status":"publish","type":"page","link":"https:\/\/ducaticlub.ch\/?page_id=8","title":{"rendered":"\u00dcber uns"},"content":{"rendered":"\n<p>Ende der achtziger Jahre erlebte Ducati eine Renaissance. Nach Erfolgen in der neu gegr\u00fcndeten Superbike WM \u00fcbertrug sich diese Welle auch bis ins Wallis. Bei mehreren aktiven Teilnahmen am Ducatifestival in Ligni\u00e8res anfangs der neunziger Jahre wurde das Interesse nach einem Ducati Treffen im Wallis immer gr\u00f6sser.<\/p>\n\n\n\n<p><strong>Team Ligni\u00e8res:<\/strong><\/p>\n\n\n\n<figure class=\"wp-block-table\"><table><tbody><tr><td><strong>Betreuer<\/strong><\/td><td><strong>Fahrer<\/strong><\/td><\/tr><tr><td>Edwin Passeraub, Bratsch<br>Edy Weissbrodt, Agarn<br>Henry Salzmann, Susten<br>Lory Arnaboldi, Gaampel<\/td><td>Ewald Steiner, Erschmatt<\/td><\/tr><\/tbody><\/table><\/figure>\n\n\n\n<p>Diese Personen entschlossen sich, ein Ducati Treffen in Gampel zu organisieren. Am 10. \/ 11. September 1994 fand das 1. Ducati Treffen beim Bahnhofbuffet Gampel (L\u00fctolf Hans) statt. Es konnten \u00fcber 50 Ducatisti aus dem In-und Ausland begr\u00fcsst werden. (Weiteste Anreise: 780 Kilometer)<\/p>\n\n\n\n<p>Nach dem 2. Ducati Treffen ein Jahr sp\u00e4ter, welches \u00fcber 80 Ducati Fahrer anlockte, entschloss man sich, am 17. November 1995 den DUCATI CLUB WALLIS zu gr\u00fcnden. Zur Gr\u00fcndungsversammlung konnten \u00fcber 20 Ducati Fans begr\u00fcsst werden, darunter der Ex-Schweizer Meister Jean-Pierre Imstepf, sowie der damalige Ducati Club Schweiz Pr\u00e4sident Paul Schmid.<\/p>\n\n\n\n<p>Die Gr\u00fcndungsmitglieder genehmigten die Statuten und w\u00e4hlten folgenden Vorstand:<\/p>\n\n\n\n<ul class=\"wp-block-list\"><li><strong><em>Pr\u00e4sident:<\/em><\/strong><em>&nbsp;Ewald Steiner, Erschmatt\/Gampel<\/em><\/li><li><strong><em>Aktuar:&nbsp;<\/em><\/strong><em>Beni Bittel, Brig<\/em><\/li><li><strong><em>Kassier:<\/em><\/strong><em>&nbsp;J\u00f6rg Bilgischer, Susten<\/em><\/li><\/ul>\n\n\n\n<p>Zu dieser Zeit traf man sich regelm\u00e4ssig am letzten Freitag im Monat im Bahnhofbuffet Gampel zu einem gem\u00fctlichen Hock. Regelm\u00e4ssig wurde an diversen Aktivit\u00e4ten der schweizerischen Ducati Events teilgenommen, wie am ersten World Ducati Weekend in Misano. Bis Ende der neunziger Jahre konnten regelm\u00e4ssig \u00fcber hundert Ducati-Freunde an den Treffen begr\u00fcsst werden.<\/p>\n\n\n\n<p>Nach der Jahrhundertwende nahm das Interesse an unserer Vereinst\u00e4tigkeit stetig ab. Der Club drohte zu versiegen. Es kam soweit, dass an einer Generalversammlung die Aufl\u00f6sung des Clubs zur Diskussion stand. Dazu liessen es die wenigen Teilnehmer nicht kommen und entschlossen sich die \u00c4rmel hochzukrempeln und den Ducati Club Wallis zu retten. Der neue Vorstand entschloss sich Events und Veranstaltungen zu organisieren. Zum Beispiel:<\/p>\n\n\n\n<ul class=\"wp-block-list\"><li><em>Werksbesuch in Bologna. 24 begeisterte Mitglieder haben an diesem tollen Ereignis mitgemacht.<\/em><\/li><li><em>Eine neue Homepage wird aufgeschaltet und gepflegt<\/em><\/li><li><em>Die T\u00f6ffsegnung auf dem Simplon wird wieder ein Clubanlass<\/em><\/li><li><em>Weiterbildungs-Training mit Instruktor<\/em><\/li><\/ul>\n\n\n\n<p><\/p>\n","protected":false},"excerpt":{"rendered":"<p>Ende der achtziger Jahre erlebte Ducati eine Renaissance. Nach Erfolgen in der neu gegr\u00fcndeten Superbike WM \u00fcbertrug sich diese Welle auch bis ins Wallis. Bei mehreren aktiven Teilnahmen am Ducatifestival in Ligni\u00e8res anfangs der neunziger Jahre wurde das Interesse nach einem Ducati Treffen im Wallis immer gr\u00f6sser. Team Ligni\u00e8res: Betreuer Fahrer Edwin Passeraub, BratschEdy Weissbrodt, [&hellip;]<\/p>\n","protected":false},"author":1,"featured_media":0,"parent":0,"menu_order":0,"comment_status":"closed","ping_status":"closed","template":"","meta":{"ngg_post_thumbnail":0,"footnotes":""},"class_list":["post-8","page","type-page","status-publish","hentry"],"yoast_head":"<!-- This site is optimized with the Yoast SEO plugin v26.6 - https:\/\/yoast.com\/wordpress\/plugins\/seo\/ -->\n<title>\u00dcber uns - Ducati Club Wallis<\/title>\n<meta name=\"robots\" content=\"index, follow, max-snippet:-1, max-image-preview:large, max-video-preview:-1\" \/>\n<link rel=\"canonical\" href=\"https:\/\/ducaticlub.ch\/?page_id=8\" \/>\n<meta property=\"og:locale\" content=\"de_DE\" \/>\n<meta property=\"og:type\" content=\"article\" \/>\n<meta property=\"og:title\" content=\"\u00dcber uns - Ducati Club Wallis\" \/>\n<meta property=\"og:description\" content=\"Ende der achtziger Jahre erlebte Ducati eine Renaissance. Nach Erfolgen in der neu gegr\u00fcndeten Superbike WM \u00fcbertrug sich diese Welle auch bis ins Wallis. Bei mehreren aktiven Teilnahmen am Ducatifestival in Ligni\u00e8res anfangs der neunziger Jahre wurde das Interesse nach einem Ducati Treffen im Wallis immer gr\u00f6sser. Team Ligni\u00e8res: Betreuer Fahrer Edwin Passeraub, BratschEdy Weissbrodt, [&hellip;]\" \/>\n<meta property=\"og:url\" content=\"https:\/\/ducaticlub.ch\/?page_id=8\" \/>\n<meta property=\"og:site_name\" content=\"Ducati Club Wallis\" \/>\n<meta property=\"article:modified_time\" content=\"2024-02-11T09:08:48+00:00\" \/>\n<meta name=\"twitter:card\" content=\"summary_large_image\" \/>\n<script type=\"application\/ld+json\" class=\"yoast-schema-graph\">{\"@context\":\"https:\/\/schema.org\",\"@graph\":[{\"@type\":\"WebPage\",\"@id\":\"https:\/\/ducaticlub.ch\/?page_id=8\",\"url\":\"https:\/\/ducaticlub.ch\/?page_id=8\",\"name\":\"\u00dcber uns - Ducati Club Wallis\",\"isPartOf\":{\"@id\":\"https:\/\/ducaticlub.ch\/#website\"},\"datePublished\":\"2020-09-04T17:29:49+00:00\",\"dateModified\":\"2024-02-11T09:08:48+00:00\",\"breadcrumb\":{\"@id\":\"https:\/\/ducaticlub.ch\/?page_id=8#breadcrumb\"},\"inLanguage\":\"de-CH\",\"potentialAction\":[{\"@type\":\"ReadAction\",\"target\":[\"https:\/\/ducaticlub.ch\/?page_id=8\"]}]},{\"@type\":\"BreadcrumbList\",\"@id\":\"https:\/\/ducaticlub.ch\/?page_id=8#breadcrumb\",\"itemListElement\":[{\"@type\":\"ListItem\",\"position\":1,\"name\":\"Home\",\"item\":\"https:\/\/ducaticlub.ch\/\"},{\"@type\":\"ListItem\",\"position\":2,\"name\":\"\u00dcber uns\"}]},{\"@type\":\"WebSite\",\"@id\":\"https:\/\/ducaticlub.ch\/#website\",\"url\":\"https:\/\/ducaticlub.ch\/\",\"name\":\"Ducati Club Wallis\",\"description\":\"\",\"publisher\":{\"@id\":\"https:\/\/ducaticlub.ch\/#organization\"},\"potentialAction\":[{\"@type\":\"SearchAction\",\"target\":{\"@type\":\"EntryPoint\",\"urlTemplate\":\"https:\/\/ducaticlub.ch\/?s={search_term_string}\"},\"query-input\":{\"@type\":\"PropertyValueSpecification\",\"valueRequired\":true,\"valueName\":\"search_term_string\"}}],\"inLanguage\":\"de-CH\"},{\"@type\":\"Organization\",\"@id\":\"https:\/\/ducaticlub.ch\/#organization\",\"name\":\"Ducati Club Wallis\",\"url\":\"https:\/\/ducaticlub.ch\/\",\"logo\":{\"@type\":\"ImageObject\",\"inLanguage\":\"de-CH\",\"@id\":\"https:\/\/ducaticlub.ch\/#\/schema\/logo\/image\/\",\"url\":\"https:\/\/ducaticlub.ch\/wp-content\/uploads\/2020\/09\/cropped-logo.png\",\"contentUrl\":\"https:\/\/ducaticlub.ch\/wp-content\/uploads\/2020\/09\/cropped-logo.png\",\"width\":400,\"height\":144,\"caption\":\"Ducati Club Wallis\"},\"image\":{\"@id\":\"https:\/\/ducaticlub.ch\/#\/schema\/logo\/image\/\"}}]}<\/script>\n<!-- \/ Yoast SEO plugin. -->","yoast_head_json":{"title":"\u00dcber uns - Ducati Club Wallis","robots":{"index":"index","follow":"follow","max-snippet":"max-snippet:-1","max-image-preview":"max-image-preview:large","max-video-preview":"max-video-preview:-1"},"canonical":"https:\/\/ducaticlub.ch\/?page_id=8","og_locale":"de_DE","og_type":"article","og_title":"\u00dcber uns - Ducati Club Wallis","og_description":"Ende der achtziger Jahre erlebte Ducati eine Renaissance. Nach Erfolgen in der neu gegr\u00fcndeten Superbike WM \u00fcbertrug sich diese Welle auch bis ins Wallis. Bei mehreren aktiven Teilnahmen am Ducatifestival in Ligni\u00e8res anfangs der neunziger Jahre wurde das Interesse nach einem Ducati Treffen im Wallis immer gr\u00f6sser. Team Ligni\u00e8res: Betreuer Fahrer Edwin Passeraub, BratschEdy Weissbrodt, [&hellip;]","og_url":"https:\/\/ducaticlub.ch\/?page_id=8","og_site_name":"Ducati Club Wallis","article_modified_time":"2024-02-11T09:08:48+00:00","twitter_card":"summary_large_image","schema":{"@context":"https:\/\/schema.org","@graph":[{"@type":"WebPage","@id":"https:\/\/ducaticlub.ch\/?page_id=8","url":"https:\/\/ducaticlub.ch\/?page_id=8","name":"\u00dcber uns - Ducati Club Wallis","isPartOf":{"@id":"https:\/\/ducaticlub.ch\/#website"},"datePublished":"2020-09-04T17:29:49+00:00","dateModified":"2024-02-11T09:08:48+00:00","breadcrumb":{"@id":"https:\/\/ducaticlub.ch\/?page_id=8#breadcrumb"},"inLanguage":"de-CH","potentialAction":[{"@type":"ReadAction","target":["https:\/\/ducaticlub.ch\/?page_id=8"]}]},{"@type":"BreadcrumbList","@id":"https:\/\/ducaticlub.ch\/?page_id=8#breadcrumb","itemListElement":[{"@type":"ListItem","position":1,"name":"Home","item":"https:\/\/ducaticlub.ch\/"},{"@type":"ListItem","position":2,"name":"\u00dcber uns"}]},{"@type":"WebSite","@id":"https:\/\/ducaticlub.ch\/#website","url":"https:\/\/ducaticlub.ch\/","name":"Ducati Club Wallis","description":"","publisher":{"@id":"https:\/\/ducaticlub.ch\/#organization"},"potentialAction":[{"@type":"SearchAction","target":{"@type":"EntryPoint","urlTemplate":"https:\/\/ducaticlub.ch\/?s={search_term_string}"},"query-input":{"@type":"PropertyValueSpecification","valueRequired":true,"valueName":"search_term_string"}}],"inLanguage":"de-CH"},{"@type":"Organization","@id":"https:\/\/ducaticlub.ch\/#organization","name":"Ducati Club Wallis","url":"https:\/\/ducaticlub.ch\/","logo":{"@type":"ImageObject","inLanguage":"de-CH","@id":"https:\/\/ducaticlub.ch\/#\/schema\/logo\/image\/","url":"https:\/\/ducaticlub.ch\/wp-content\/uploads\/2020\/09\/cropped-logo.png","contentUrl":"https:\/\/ducaticlub.ch\/wp-content\/uploads\/2020\/09\/cropped-logo.png","width":400,"height":144,"caption":"Ducati Club Wallis"},"image":{"@id":"https:\/\/ducaticlub.ch\/#\/schema\/logo\/image\/"}}]}},"_links":{"self":[{"href":"https:\/\/ducaticlub.ch\/index.php?rest_route=\/wp\/v2\/pages\/8","targetHints":{"allow":["GET"]}}],"collection":[{"href":"https:\/\/ducaticlub.ch\/index.php?rest_route=\/wp\/v2\/pages"}],"about":[{"href":"https:\/\/ducaticlub.ch\/index.php?rest_route=\/wp\/v2\/types\/page"}],"author":[{"embeddable":true,"href":"https:\/\/ducaticlub.ch\/index.php?rest_route=\/wp\/v2\/users\/1"}],"replies":[{"embeddable":true,"href":"https:\/\/ducaticlub.ch\/index.php?rest_route=%2Fwp%2Fv2%2Fcomments&post=8"}],"version-history":[{"count":3,"href":"https:\/\/ducaticlub.ch\/index.php?rest_route=\/wp\/v2\/pages\/8\/revisions"}],"predecessor-version":[{"id":369,"href":"https:\/\/ducaticlub.ch\/index.php?rest_route=\/wp\/v2\/pages\/8\/revisions\/369"}],"wp:attachment":[{"href":"https:\/\/ducaticlub.ch\/index.php?rest_route=%2Fwp%2Fv2%2Fmedia&parent=8"}],"curies":[{"name":"wp","href":"https:\/\/api.w.org\/{rel}","templated":true}]}}

Über uns

<p>Ende der achtziger Jahre erlebte Ducati eine Renaissance. Nach Erfolgen in der neu gegründeten Superbike WM übertrug sich diese Welle auch bis ins Wallis. Bei mehreren aktiven Teilnahmen am Ducatifestival in Lignières anfangs der neunziger Jahre wurde das Interesse nach einem Ducati Treffen im Wallis immer grösser.</p>



<p><strong>Team Lignières:</strong></p>



<figure class="wp-block-table"><table><tbody><tr><td><strong>Betreuer</strong></td><td><strong>Fahrer</strong></td></tr><tr><td>Edwin Passeraub, Bratsch<br>Edy Weissbrodt, Agarn<br>Henry Salzmann, Susten<br>Lory Arnaboldi, Gaampel</td><td>Ewald Steiner, Erschmatt</td></tr></tbody></table></figure>



<p>Diese Personen entschlossen sich, ein Ducati Treffen in Gampel zu organisieren. Am 10. / 11. September 1994 fand das 1. Ducati Treffen beim Bahnhofbuffet Gampel (Lütolf Hans) statt. Es konnten über 50 Ducatisti aus dem In-und Ausland begrüsst werden. (Weiteste Anreise: 780 Kilometer)</p>



<p>Nach dem 2. Ducati Treffen ein Jahr später, welches über 80 Ducati Fahrer anlockte, entschloss man sich, am 17. November 1995 den DUCATI CLUB WALLIS zu gründen. Zur Gründungsversammlung konnten über 20 Ducati Fans begrüsst werden, darunter der Ex-Schweizer Meister Jean-Pierre Imstepf, sowie der damalige Ducati Club Schweiz Präsident Paul Schmid.</p>



<p>Die Gründungsmitglieder genehmigten die Statuten und wählten folgenden Vorstand:</p>



<ul class="wp-block-list"><li><strong><em>Präsident:</em></strong><em>&nbsp;Ewald Steiner, Erschmatt/Gampel</em></li><li><strong><em>Aktuar:&nbsp;</em></strong><em>Beni Bittel, Brig</em></li><li><strong><em>Kassier:</em></strong><em>&nbsp;Jörg Bilgischer, Susten</em></li></ul>



<p>Zu dieser Zeit traf man sich regelmässig am letzten Freitag im Monat im Bahnhofbuffet Gampel zu einem gemütlichen Hock. Regelmässig wurde an diversen Aktivitäten der schweizerischen Ducati Events teilgenommen, wie am ersten World Ducati Weekend in Misano. Bis Ende der neunziger Jahre konnten regelmässig über hundert Ducati-Freunde an den Treffen begrüsst werden.</p>



<p>Nach der Jahrhundertwende nahm das Interesse an unserer Vereinstätigkeit stetig ab. Der Club drohte zu versiegen. Es kam soweit, dass an einer Generalversammlung die Auflösung des Clubs zur Diskussion stand. Dazu liessen es die wenigen Teilnehmer nicht kommen und entschlossen sich die Ärmel hochzukrempeln und den Ducati Club Wallis zu retten. Der neue Vorstand entschloss sich Events und Veranstaltungen zu organisieren. Zum Beispiel:</p>



<ul class="wp-block-list"><li><em>Werksbesuch in Bologna. 24 begeisterte Mitglieder haben an diesem tollen Ereignis mitgemacht.</em></li><li><em>Eine neue Homepage wird aufgeschaltet und gepflegt</em></li><li><em>Die Töffsegnung auf dem Simplon wird wieder ein Clubanlass</em></li><li><em>Weiterbildungs-Training mit Instruktor</em></li></ul>



<p></p>

<p>Ende der achtziger Jahre erlebte Ducati eine Renaissance. Nach Erfolgen in der neu gegründeten Superbike WM übertrug sich diese Welle auch bis ins Wallis. Bei mehreren aktiven Teilnahmen am Ducatifestival in Lignières anfangs der neunziger Jahre wurde das Interesse nach einem Ducati Treffen im Wallis immer grösser. Team Lignières: Betreuer Fahrer Edwin Passeraub, BratschEdy Weissbrodt, [&hellip;]</p>

<!-- This site is optimized with the Yoast SEO plugin v26.6 - https://yoast.com/wordpress/plugins/seo/ -->
<title>Über uns - Ducati Club Wallis</title>
<meta name="robots" content="index, follow, max-snippet:-1, max-image-preview:large, max-video-preview:-1" />
<link rel="canonical" href="https://ducaticlub.ch/?page_id=8" />
<meta property="og:locale" content="de_DE" />
<meta property="og:type" content="article" />
<meta property="og:title" content="Über uns - Ducati Club Wallis" />
<meta property="og:description" content="Ende der achtziger Jahre erlebte Ducati eine Renaissance. Nach Erfolgen in der neu gegründeten Superbike WM übertrug sich diese Welle auch bis ins Wallis. Bei mehreren aktiven Teilnahmen am Ducatifestival in Lignières anfangs der neunziger Jahre wurde das Interesse nach einem Ducati Treffen im Wallis immer grösser. Team Lignières: Betreuer Fahrer Edwin Passeraub, BratschEdy Weissbrodt, [&hellip;]" />
<meta property="og:url" content="https://ducaticlub.ch/?page_id=8" />
<meta property="og:site_name" content="Ducati Club Wallis" />
<meta property="article:modified_time" content="2024-02-11T09:08:48+00:00" />
<meta name="twitter:card" content="summary_large_image" />
<script type="application/ld+json" class="yoast-schema-graph">{"@context":"https://schema.org","@graph":[{"@type":"WebPage","@id":"https://ducaticlub.ch/?page_id=8","url":"https://ducaticlub.ch/?page_id=8","name":"Über uns - Ducati Club Wallis","isPartOf":{"@id":"https://ducaticlub.ch/#website"},"datePublished":"2020-09-04T17:29:49+00:00","dateModified":"2024-02-11T09:08:48+00:00","breadcrumb":{"@id":"https://ducaticlub.ch/?page_id=8#breadcrumb"},"inLanguage":"de-CH","potentialAction":[{"@type":"ReadAction","target":["https://ducaticlub.ch/?page_id=8"]}]},{"@type":"BreadcrumbList","@id":"https://ducaticlub.ch/?page_id=8#breadcrumb","itemListElement":[{"@type":"ListItem","position":1,"name":"Home","item":"https://ducaticlub.ch/"},{"@type":"ListItem","position":2,"name":"Über uns"}]},{"@type":"WebSite","@id":"https://ducaticlub.ch/#website","url":"https://ducaticlub.ch/","name":"Ducati Club Wallis","description":"","publisher":{"@id":"https://ducaticlub.ch/#organization"},"potentialAction":[{"@type":"SearchAction","target":{"@type":"EntryPoint","urlTemplate":"https://ducaticlub.ch/?s={search_term_string}"},"query-input":{"@type":"PropertyValueSpecification","valueRequired":true,"valueName":"search_term_string"}}],"inLanguage":"de-CH"},{"@type":"Organization","@id":"https://ducaticlub.ch/#organization","name":"Ducati Club Wallis","url":"https://ducaticlub.ch/","logo":{"@type":"ImageObject","inLanguage":"de-CH","@id":"https://ducaticlub.ch/#/schema/logo/image/","url":"https://ducaticlub.ch/wp-content/uploads/2020/09/cropped-logo.png","contentUrl":"https://ducaticlub.ch/wp-content/uploads/2020/09/cropped-logo.png","width":400,"height":144,"caption":"Ducati Club Wallis"},"image":{"@id":"https://ducaticlub.ch/#/schema/logo/image/"}}]}</script>
<!-- / Yoast SEO plugin. -->

Über uns - Ducati Club Wallis

Ende der achtziger Jahre erlebte Ducati eine Renaissance. Nach Erfolgen in der neu gegründeten Superbike WM übertrug sich diese Welle auch bis ins Wallis. Bei mehreren aktiven Teilnahmen am Ducatifestival in Lignières anfangs der neunziger Jahre wurde das Interesse nach einem Ducati Treffen im Wallis immer grösser. Team Lignières: Betreuer Fahrer Edwin Passeraub, BratschEdy Weissbrodt, [&hellip;]
